se 11) to base 14
-6529
What is -23431 (base 8) in base 15?
-2e74
What is -383 (base 11) in base 2?
-111000110
Convert 100101011101 (base 2) to base 12.
1479
Convert -1481 (base 13) to base 11.
-2268
What is 4926 (base 15) in base 6?
200013
Convert -29b (base 16) to base 10.
-667
What is 8ab (base 15) in base 9?
2618
Convert 116613 (base 7) to base 15.
65d0
332412 (base 5) to base 4
2311113
-12371 (base 10) to base 4
-3001103
What is 75b8 (base 15) in base 14?
9123
What is -1a58 (base 11) in base 12?
-1610
What is -30230 (base 5) in base 13?
-b63
What is b24a (base 13) in base 3?
1020200220
What is 30131332 (base 4) in base 13?
1a326
Convert 2b0b (base 12) to base 10.
5051
-11111201 (base 3) to base 2
-110011010110
Convert -13120 (base 5) to base 14.
-53d
What is -15248 (base 10) in base 2?
-11101110010000
-11022121 (base 4) to base 9
-32004
Convert 13231212 (base 4) to base 7.
161046
What is 8424 (base 12) in base 9?
21711
Convert -1355 (base 13) to base 16.
-ad6
Convert 21213 (base 4) to base 15.
2b0
Convert -10201010 (base 3) to base 7.
-10611
-231330 (base 5) to base 16
-2094
What is -3813 (base 16) in base 12?
-8383
12111303 (base 4) to base 5
1312341
Convert 40626 (base 7) to base 14.
3886
-3446 (base 14) to base 9
-13406
Convert -ab9 (base 16) to base 9.
-3680
What is 3267 (base 14) in base 8?
21013
Convert 20050 (base 8) to base 3.
102021220
What is -110330 (base 4) in base 15?
-5e5
What is 56144 (base 7) in base 12?
8228
What is 1450 (base 10) in base 16?
5aa
Convert -1113211 (base 4) to base 5.
-134410
What is -1021030 (base 4) in base 3?
-20102111
10000000111 (base 2) to base 3
1102012
Convert -2a9 (base 16) to base 4.
-22221
What is 681 (base 12) in base 6?
4241
Convert 43e2 (base 16) to base 6.
212242
Convert 598 (base 14) to base 16.
45a
12ace (base 15) to base 13
212c6
Convert -1894 (base 13) to base 16.
-e56
Convert -2434 (base 5) to base 8.
-561
Convert 4079 (base 14) to base 11.
8366
Convert -1000011120 (base 3) to base 4.
-10311132
-201010 (base 3) to base 14
-28c
40236 (base 11) to base 15
12680
What is -1322 (base 5) in base 7?
-422
What is dc2 (base 16) in base 4?
313002
What is -2090 (base 11) in base 3?
-10210021
-234566 (base 7) to base 12
-20702
Convert 1041314 (base 5) to base 13.
8464
-326a (base 15) to base 4
-2212303
2168 (base 16) to base 13
3b7b
-75 (base 14) to base 8
-147
What is 250001 (base 6) in base 2?
101011000010001
What is -100 (base 10) in base 13?
-79
-23 (base 5) to base 15
-d
What is 21 (base 11) in base 15?
18
3130100 (base 4) to base 11
a655
Convert 2002222010 (base 3) to base 5.
2312104
What is -33224 (base 5) in base 9?
-3151
Convert -547 (base 15) to base 16.
-4a8
-2141a (base 11) to base 3
-1120200112
What is -1011011110110010 (base 2) in base 13?
-18535
3946 (base 13) to base 8
17752
Convert -222210 (base 3) to base 2.
-1011010011
Convert 10001110011 (base 2) to base 7.
3215
-1310 (base 4) to base 2
-1110100
What is -93 (base 14) in base 16?
-81
13112322 (base 4) to base 3
1112100020
What is 132112 (base 4) in base 16?
796
-151 (base 12) to base 8
-315
What is 74b (base 12) in base 14?
563
What is 47623 (base 8) in base 15?
6081
2a870 (base 11) to base 13
16b29
What is -25562 (base 8) in base 13?
-50a7
Convert -212322 (base 4) to base 10.
-2490
-112222 (base 4) to base 7
-4141
What is -299 (base 16) in base 12?
-475
Convert 614b (base 12) to base 6.
120535
Convert 2001 (base 8) to base 2.
10000000001
What is 1301 (base 7) in base 5?
3431
Convert 16715 (base 10) to base 16.
414b
Convert 3313 (base 8) to base 14.
8c3
Convert -218 (base 16) to base 4.
-20120
Convert 75145 (base 10) to base 6.
1335521
54266 (base 8) to base 16
58b6
What is 34112 (base 6) in base 3?
20120122
What is -24d (base 14) in base 10?
-461
Convert 412311 (base 5) to base 4.
3102100
4145 (base 13) to base 5
242024
-1718 (base 9) to base 15
-5c8
-236 (base 13) to base 3
-112012
Convert -211105 (base 6) to base 10.
-17105
5253 (base 8) to base 3
10202011
Convert -123422 (base 5) to base 14.
-1ab4
What is 5d8 (base 14) in base 3?
1121100
-12022021 (base 3) to base 15
-122d
What is -541 (base 12) in base 9?
-1044
-111201102 (base 3) to base 13
-4724
Convert 1b40a (base 12) to base 6.
510414
What is -21770 (base 8) in base 9?
-13561
Convert -7499 (base 11) to base 14.
-387b
Convert 4011 (base 7) to base 12.
970
Convert 10143 (base 7) to base 3.
10101220
What is -3a (base 11) in base 6?
-111
Convert -27c3 (base 13) to base 10.
-5736
Convert -4924 (base 14) to base 4.
-3013210
6ef (base 16) to base 8
3357
Convert 1997 (base 10) to base 8.
3715
Convert 31065 (base 11) to base 4.
23010031
-2f5e (base 16) to base 5
-342001
What is -112220 (base 3) in base 5?
-3102
Convert -6b36 (base 16) to base 9.
-41575
What is 798 (base 16) in base 11?
1508
What is -24141 (base 11) in base 5?
-2103042
20202110 (base 3) to base 6
34450
-282 (base 14) to base 10
-506
What is -1485 (base 10) in base 5?
-21420
What is -2102101 (base 3) in base 14?
-901
Convert ac3 (base 13) to base 3.
2112111
What is 791 (base 12) in base 2?
10001011101
What is -32624 (base 7) in base 15?
-266b
Convert 1918 (base 13) to base 5.
104424
What is -36208 (base 11) in base 3?
-2122112211
Convert -1011 (base 5) to base 4.
-2003
Convert -1134 (base 10) to base 11.
-941
What is -1010111101001 (base 2) in base 11?
-423a
-10004 (base 8) to base 4
-1000010
-10313 (base 4) to base 13
-1ac
What is -122212 (base 3) in base 15?
-222
What is -110011010110110 (base 2) in base 15?
-7bce
121200 (base 3) to base 6
2030
Convert 208 (base 15) to base 2.
111001010
2401 (base 6) to base 9
711
Convert -16c0 (base 15) to base 16.
-1329
-4264 (base 14) to base 11
-8675
10310 (base 5) to base 14
385
Convert 303454 (base 6) to base 12.
11b8a
What is -10002212 (base 3) in base 14?
-b7a
Convert 2002 (base 3) to base 7.
110
Convert 9822 (base 10) to base 4.
2121132
Convert 121341 (base 5) to base 16.
11f4
What is 110010122 (base 3) in base 2?
10001010001110
Convert -1b33 (base 13) to base 4.
-1000002
What is -5e7 (base 15) in base 8?
-2476
Convert -201 (base 11) to base 2.
-11110011
What is -20123 (base 4) in base 15?
-25e
-bb (base 16) to base 13
-115
What is -b00 (base 15) in base 9?
-3350
Convert -be8 (base 15) to base 4.
-222011
Convert -2714 (base 13) to base 3.
-21200012
33431 (base 6) to base 16
125b
Convert 34 (base 7) to base 9.
27
What is -4a915 (base 11) in base 4?
-101310103
Convert -44c5 (base 13) to base 12.
-56a1
Convert -101 (base 7) to base 4.
-302
Convert -67ee (base 16) to base 14.
-99a6
Convert -11201202 (base 3) to base 6.
-23545
What is 2d6 (base 15) in base 8?
1213
What is 101110100010 (base 2) in base 6?
21442
What is -231412 (base 6) in base 2?
-100110101100000
What is -6700 (base 13) in base 8?
-34035
-416 (base 7) to base 5
-1314
What is 3543 (base 6) in base 5?
11410
609 (base 11) to base 3
1000020
What is 16666 (base 8) in base 6?
55114
1b26 (base 12) to base 6
23250
What is 41180 (base 9) in base 13?
c468
What is -5476 (base 12) in base 10?
-9306
Convert 34aa (base 12) to base 13.
28b1
-198 (base 12) to base 11
-217
2121 (base 5) to base 13
190
-2430 (base 5) to base 14
-1c1
3301 (base 9) to base 6
15131
60653 (base 7) to base 12
8642
643 (base 9) to base 6
2233
Convert 40003 (base 5) to base 13.
11a7
What is 55c (base 15) in base 16?
4bc
1343 (base 14) to base 16
d3f
-130105 (base 8) to base 3
-2021220022
Convert -10011120 (base 3) to base 2.
-100100000110
8560 (base 15) to base 11
1a220
What is 100000 (base 3) in base 6?
1043
What is -11022210 (base 3) in base 10?
-3153
What is 12261 (base 8) in base 16?
14b1
What is 4460 (base 7) in base 15?
725
Convert 122023 (base 5) to base 14.
1994
What is 24b (base 12) in base 6?
1335
Convert -4670 (base 13) to base 16.
-26a5
Convert 3a9 (base 12) to base 16.
231
-19382 (base 10) to base 8
-45666
Convert -410455 (base 6) to base 16.
-7f43
What is -546b (base 13) in base 5?
-334000
What is 21515 (base 8) in base 11?
6876
33244 (base 6) to base 2
1001000011100
What is -1d1 (base 15) in base 6?
-1541
What is -68a (base 12) in base 5?
-12340
What is 751 (base 9) in base 2?
1001100101
What is -3022011 (base 4) in base 11?
-9798
30402 (base 6) to base 13
1ab4
-11073 (base 15) to base 7
-313515
What is -13 (base 12) in base 3?
-120